digit of u/(-7) + 108/14?
8
What is the hundreds digit of 2*1478/4 - (-27)/9?
7
Let t be 4/10 + (-339)/(-15). Suppose -3*a - t = k, 0 = -a + k - 7 - 2. What is the tens digit of (18/a)/((-12)/128)?
2
Suppose -43470 = -3*o - 32*o. What is the thousands digit of o?
1
What is the tens digit of 260092/168 + (-10)/(-12)?
4
Let q be -2*(-1)/1 + -6 - -143. Suppose -6*a = -q + 55. What is the tens digit of a?
1
Let z(f) = -5 + 1 - 11*f - 21*f + 14*f**2. Let y(v) = -5*v**2 + 11*v + 1. Let c(l) = 11*y(l) + 4*z(l). What is the tens digit of c(-4)?
3
Let g(c) = -2*c**2 - 58*c + 5. What is the units digit of g(-24)?
5
What is the hundreds digit of (24/(-20))/((-36)/32220)?
0
What is the tens digit of (-2184)/(-98) - ((-32)/(-14) + -2)?
2
Suppose -2*h - 1227 = -1583. What is the hundreds digit of h?
1
Suppose g + 1537 = 2*j, -3*j + 5*g + 1 = -2301. What is the tens digit of j?
6
Let v = 218 + -213. Let c = 658 + -358. Suppose 0*q - 2*q + 3*y + 101 = 0, v*q = -2*y + c. What is the units digit of q?
8
Let x(k) = -k**3 - 4*k**2 + 4*k - 5. Let w be x(-5). Suppose w = -4*z + 3 + 45. What is the tens digit of (-27)/(-1) - (9 - z)?
3
Let m(r) = r**3 + 5*r**2 + 2*r - 4. Let z be m(-4). Let i be (2 + -3)/((-2)/z). Suppose 0 = i*x - 5*x + 39. What is the units digit of x?
3
Suppose -5*k - w + 1859 = 0, 0*w - w = 1. Suppose -6*u + 3*u = 3*j - 234, -5*u = -4*j - k. What is the tens digit of u?
7
Suppose 30 = 4*m + 2*m. Let v(n) = n**3 - 3*n**2 + 2*n + 4. Let q be v(m). Suppose q = b + b. What is the tens digit of b?
3
Suppose 2*h + 4*r - 1126 = 0, 15*h - r = 20*h - 2806. What is the tens digit of h?
6
Let n(k) = 9*k + 2. Let l(h) = -h + 2. Let r be l(-12). Suppose y - f + 0*f + 2 = 0, 0 = -3*y - 2*f + r. What is the units digit of n(y)?
0
Suppose 9*m - 4935 = -6*m. What is the tens digit of m?
2
Let c = -125 - -127. Suppose 4*s + 12 = 4*w, 0 = s + 5*w - 8 - 19. Suppose -s*r = -3*r + c. What is the units digit of r?
2
Let p(h) be the first derivative of -h**5/120 + 3*h**4/4 + h**3 + 6. Let f(u) be the third derivative of p(u). What is the tens digit of f(-9)?
2
Let q(x) = -x**3 + x**2 + x - 4. Let o be q(4). Let v = o - -85. Suppose 5*c = -2*j + v, -2*c + 4*c = 5*j - 165. What is the units digit of j?
1
Let n(a) = a**3 - 6*a**2 + 4*a + 3. Let z be n(7). What is the units digit of (7/(-2) - -4)*z?
0
Let l = 1479 - 1392. What is the tens digit of l?
8
Let m be (12 - -1)/(1/3). Let g(v) = 2*v**2 - v - 2. Let b be g(3). Let u = b + m. What is the tens digit of u?
5
What is the units digit of 262*164/32 - 9/12?
2
Let c(l) = 25*l**2 + 11*l + 7. What is the units digit of c(-4)?
3
Suppose -2*t + 0*t - 56 = 0. Let c = t + 53. Suppose -5*z = -c - 50. What is the tens digit of z?
1
Suppose 3886 = 5*o - w, 69 - 3165 = -4*o + 4*w. What is the tens digit of o?
7
Let f be 0 + 2/(-11) - 492/(-44). Suppose -f*k + 590 = -6*k. What is the tens digit of k?
1
Let h be -3 + 16 - (-4 + 0). Let j = h + -17. Suppose 2*w + 3*q - 26 = j, -1 - 38 = -5*w - q. What is the units digit of w?
7
Suppose -4*c = 5*g - 0*g - 3, 4*c = 4*g - 24. Let m = 23 - -19. Suppose -5*w = -3*f + m, -3*f - g*w = -67 + 1. What is the units digit of f?
9
Suppose 5*l - 584 = -2*q, 3*q + 274 = 4*l - 184. Suppose 2*s + l = 4*t, 0*t + 2*s + 147 = 5*t. What is the units digit of t?
1
Suppose 0 = 5*w + 5*l - 50, 3*l = 5*w - 2 - 16. Let v(q) = 14*q - 25. What is the units digit of v(w)?
9
Suppose 0 = 5*k - 9 - 31. Let j be k/(0 - (-6)/21). What is the units digit of (-8)/j + (-424)/(-14)?
0
Let w = -16 - -13. Let z = 10 + w. What is the units digit of z/((-21)/(-6)) - -6?
8
Suppose 0 = 11*t - 10*t - 4. Suppose -4*d = -0*o - o - 183, -d - t*o + 50 = 0. Suppose -5*n + 5*a = -0*a - 70, -4*n + d = a. What is the units digit of n?
2
Let y = 1195 + 230. What is the hundreds digit of y?
4
What is the hundreds digit of 5 - (6/(-27) + 18440/(-45))?
4
Let j be 2/4 + (5 - 10/4). Let z(v) = 10*v**3 + 2*v - 1. What is the hundreds digit of z(j)?
2
Let y = -8110 - -11649. What is the thousands digit of y?
3
Let j(d) be the third derivative of -3*d**5/20 - d**4/12 + 5*d**3/6 + 4*d**2. Let l be j(-4). What is the units digit of (-8)/(-28) - l/7?
9
Suppose -383 + 15 = -x + 3*r, 4*x - 5*r - 1486 = 0. What is the tens digit of x?
7
Suppose 2*x - 24 = -2*x - 3*y, -24 = -4*x + 5*y. Suppose w + x - 8 = 0. Suppose 2*i + 2*p = 34, 0*p = -2*i + w*p + 18. What is the tens digit of i?
1
Suppose -518 = -5*q + 7742. What is the thousands digit of q?
1
Let l(b) = b**2 - 1. Suppose 6*k - 3*k - 13 = -5*o, 10 = 5*o. Let r(y) = y**2 + 4*y + 1. Let s(x) = k*r(x) + 2*l(x). What is the units digit of s(-3)?
4
Let p = 7557 + -5012. What is the thousands digit of p?
2
What is the units digit of 1*(-1550)/(-8 - -6) - 7?
8
Let l = -2 - 2. What is the units digit of (28/8 + l)*-18?
9
Let n = 240 - -48. What is the units digit of 9/(-15)*-5 + n?
1
Let i be (-1404)/32 - 3/24. Let c be i/(-55) - (-12)/10. What is the tens digit of ((-220)/(-15))/(c/3)?
2
Let u be 380/(-171) - (-2)/9. What is the tens digit of (6/9)/(u/(-384))?
2
Let v(y) = 2*y**2 - 9*y - 8. Suppose -m = 3*b - 4*b + 3, 0 = 5*b + 3*m - 47. What is the tens digit of v(b)?
2
Let h = -14 - -70. Let w = -26 + h. What is the units digit of ((-42)/15)/((-12)/w)?
7
Let r(w) = -5*w - 6. Let d be r(-6). Let j = -20 + d. Suppose 0 = -j*m - 0*m - i + 67, -4 = -m + 4*i. What is the tens digit of m?
1
What is the units digit of (-9245)/(-6) + (-75)/(-18) + -4?
1
Let b be (-3)/6 - (-2385)/(-6). Let f = b + -15. What is the tens digit of 1/3 + f/(-21)?
2
Let m(n) = n**3 + 78. What is the units digit of m(0)?
8
Suppose 4*a - 5*j + 7 = 28, 2*a - 5*j = 13. Suppose a*l + 70 + 14 = 4*q, -4*q - 4*l + 92 = 0. What is the tens digit of q?
2
Let n(l) = -l**3 + 6*l**2 - 5*l + 3. Let o be n(5). Let i be (-4)/((-2)/o + 1). Let c = 13 + i. What is the units digit of c?
1
Suppose -6*r + 3*k + 439 = -2*r, -5*r - 5*k + 575 = 0. What is the hundreds digit of r?
1
Suppose 4*i + 10 - 18 = 0. Suppose 3*s + 5*h = -53, -i*s + h = -3*h + 50. What is the tens digit of 184/6*s/(-14)?
4
Suppose -12*c + 3146 + 1318 = 0. What is the tens digit of c?
7
What is the thousands digit of (-25 + -10061)*(-4)/12?
3
Let t(r) = 8*r**2 - 12*r - 17. What is the hundreds digit of t(9)?
5
Let x = -8 + 6. Let i(u) = -2*u**3 - 10*u**2 - 7*u. Let k be i(-4). What is the tens digit of (-2 - k)/(x/(-41))?
4
Let w be (-2 + (-15)/(-2))/(9/3438). Suppose w + 1609 = 14*d. What is the tens digit of d?
6
Suppose -3 = n - 7. Suppose y - 160 = -2*b, 0 = 5*y - b - n*b - 740. Let a = -91 + y. What is the tens digit of a?
6
Let r be (-2)/(-3) - (-3689)/51. Let n = -50 + r. Suppose 0*j + 3*j - 6 = c, -j + n = 2*c. What is the units digit of c?
9
Let c(v) = -2*v**2 - 6*v + 5. Let m(k) = k**2 + 7*k - 6. Let a(u) = -2*c(u) - 3*m(u). Let h be a(8). Suppose i - 9 - 1 = h. What is the tens digit of i?
1
Suppose 2691 = 4*c - 32*q + 31*q, -5*q + 3345 = 5*c. What is the tens digit of c?
7
Let s(l) = -l**3 + 5*l**2 + 1. Let x be s(5). Suppose z + 5*i = -0*z + 5, -3*z + i = x. Let k = z + 17. What is the units digit of k?
7
Suppose 4*q - 50 = -5*r, 3*q + r - 49 = -6. Let z = q - 9. Suppose z*c = 2*c + 64. What is the units digit of c?
6
Let q(m) = 17*m**2 + 4. What is the units digit of q(7)?
7
Suppose 0 = -4*w + 3606 + 4642. What is the units digit of w?
2
Suppose 3*n = -5*v + 184, -4*n + v + 140 = -2*n. Suppose -5*r + n = -2*u, 5*r + u = 4*r + 8. What is the units digit of r?
2
Let z(q) = -4*q**3 + 42*q**2 - 6*q - 7. What is the units digit of z(10)?
3
Let l = 0 - -8. Suppose l*u - 3*u = 4*s + 5, 4*u - 4 = -s. Suppose s = -2*o + 12 + 58. What is the tens digit of o?
3
Suppose 82 + 93 = -n. Let g = 394 + n. What is the units digit of g?
9
Suppose 4*j = 6*j - 4. Let s = -15 + j. Let x(v) = v**3 + 13*v**2 - v + 14. What is the tens digit of x(s)?
2
Suppose -5*z = -3*w + 24, -2*w - w + 3*z = -18. Suppose -3*n - 25 = -1. What is the tens digit of w*15/(-36)*n?
1
What is the hundreds digit of (-31695)/(-63) - (-90)/(-945)?
5
Let s(c) = 301*c + 6. What is the hundreds digit of s(1)?
3
Suppose -5*c - 5*r = -241 - 109, -4*c = 3*r - 282. Suppose 2*a - 48 - c = 0. What is the tens digit of a?
6
Suppose -2*r + 3*r - 1 = 0. Suppose t + r = 58. What is the units digit of t/11 + (-2)/11?
5
Let u(s)